{"id":7487,"date":"2022-08-04T18:21:26","date_gmt":"2022-08-04T16:21:26","guid":{"rendered":"https:\/\/www.sogif.be\/?page_id=7487"},"modified":"2022-08-23T14:46:50","modified_gmt":"2022-08-23T12:46:50","slug":"politique-de-confidentialite","status":"publish","type":"page","link":"https:\/\/www.sogif.be\/?page_id=7487","title":{"rendered":"Politique de confidentialit\u00e9"},"content":{"rendered":"\n<h2 class=\"wp-block-heading\">Qui sommes-nous&nbsp;?<\/h2>\n\n\n\n<p>L\u2019adresse de notre site est&nbsp;: https:\/\/www.sogif.be.<\/p>\n\n\n\n<p>SOGIF s.a.<\/p>\n\n\n\n<p>Si\u00e8ge social :<\/p>\n\n\n\n<p>Adresse Quartier du Tram ,51<\/p>\n\n\n\n<p>Virginal-Samme (Ittre)<\/p>\n\n\n\n<p>Belgique<\/p>\n\n\n\n<p><\/p>\n\n\n\n<p>Contact : info@sogif.be<\/p>\n\n\n\n<p>BCE : 0453.904.471 <\/p>\n\n\n\n<p>Responsable du traitement des donn\u00e9es : Christophe Vanden Berg.<\/p>\n\n\n\n<h2 class=\"wp-block-heading\">Cookies<\/h2>\n\n\n\n<p>Notre site utilise des cookies dans le seul but d&#8217;analyser son trafic. Dans ce cadre; l&#8217;outil : &#8220;google Analytics&#8221; est utilis\u00e9.<\/p>\n\n\n\n<p><\/p>\n\n\n\n<h2 class=\"wp-block-heading\">Utilisation et transmission de vos donn\u00e9es personnelles<\/h2>\n\n\n\n<p><\/p>\n\n\n\n<p>Les donn\u00e9es personnelles recueillies sur le site SOGIF.be ne sont collect\u00e9es et trait\u00e9es que dans le cadre des fins pr\u00e9cis\u00e9es dans la pr\u00e9sente politique de confidentialit\u00e9 et \/ ou dans les pages pertinentes du site. Les donn\u00e9es personnelles que nous collectons ne seront pas utilis\u00e9es \u00e0 d\u2019autres fins. <\/p>\n\n\n\n<p>Vos donn\u00e9es nous seront transmises si vous choisissez d&#8217;utiliser le formulaire de contact disponible sur ce site. L&#8217;utilisation de notre formulaire de contact implique que les donn\u00e9es suivantes nous seront transmises : votre nom, pr\u00e9nom, adresse mail et num\u00e9ro de t\u00e9l\u00e9phone. Le seul traitement qui sera effectu\u00e9 sur ces donn\u00e9es servira \u00e0 vous recontacter. <\/p>\n\n\n\n<p><\/p>\n\n\n\n<p>Si besoin, nous pouvons transmettre vos donn\u00e9es aux employ\u00e9s de l\u2019entreprise SOGIF sa dans la mesure o\u00f9 ceux-ci auraient besoin de vous contacter.<\/p>\n\n\n\n<h2 class=\"wp-block-heading\">Dur\u00e9es de stockage de vos donn\u00e9es<\/h2>\n\n\n\n<p>L\u2019entreprise SOGIF SA ne conserve pas les donn\u00e9es personnelles plus longtemps que ce qui est n\u00e9cessaire \u00e0 la r\u00e9alisation des fins pour lesquelles elles sont collect\u00e9es.   <\/p>\n\n\n\n<p><\/p>\n\n\n\n<h2 class=\"wp-block-heading\">Les droits que vous avez sur vos donn\u00e9es<\/h2>\n\n\n\n<p>Si vous le souhaitez nous pouvons effacer imm\u00e9diatement vos donn\u00e9es personnelles de notre boite mail. Il vous suffit de nous contacter \u00e0 l&#8217;adresse suivante : info@sogif.be<\/p>\n\n\n\n<p><\/p>\n\n\n\n<h2 class=\"wp-block-heading\">Vos droits<\/h2>\n\n\n\n<p>Si vous pensez que vos donn\u00e9es \u00e0 caract\u00e8re personnel ont \u00e9t\u00e9 trait\u00e9es de mani\u00e8re contraire \u00e0 la r\u00e9glementation relative \u00e0 la protection des donn\u00e9es, vous pouvez introduire une plainte.<\/p>\n\n\n\n<p>Soit par courrier :  Autorit\u00e9 de protection des donn\u00e9es, Rue de la Presse 35 \u00e0 1000 Bruxelles<\/p>\n\n\n\n<p>Soit via leur formulaire web : <a href=\"https:\/\/www.autoriteprotectiondonnees.be\/citoyen\/agir\/introduire-une-plainte\">Introduire une plainte | Autorit\u00e9 de protection des donn\u00e9es<\/a><\/p>\n","protected":false},"excerpt":{"rendered":"<p>Qui sommes-nous&nbsp;? L\u2019adresse de notre site est&nbsp;: https:\/\/www.sogif.be. SOGIF s.a. Si\u00e8ge social : Adresse Quartier du Tram ,51 Virginal-Samme (Ittre) Belgique Contact : info@sogif.be BCE : 0453.904.471 Responsable du traitement des donn\u00e9es : Christophe Vanden Berg. Cookies Notre site utilise des cookies dans le seul but d&#8217;analyser son trafic. Dans ce cadre; l&#8217;outil : &#8220;google<\/p>\n","protected":false},"author":1,"featured_media":0,"parent":0,"menu_order":0,"comment_status":"closed","ping_status":"closed","template":"","meta":{"footnotes":""},"class_list":["post-7487","page","type-page","status-publish","hentry"],"yoast_head":"<!-- This site is optimized with the Yoast SEO plugin v24.4 - https:\/\/yoast.com\/wordpress\/plugins\/seo\/ -->\n<title>SOGIF S.A. - Conseils et gestion - Politique de confidentialit\u00e9<\/title>\n<meta name=\"robots\" content=\"noindex, nofollow\" \/>\n<meta property=\"og:locale\" content=\"fr_FR\" \/>\n<meta property=\"og:type\" content=\"article\" \/>\n<meta property=\"og:title\" content=\"SOGIF S.A. - Conseils et gestion - Politique de confidentialit\u00e9\" \/>\n<meta property=\"og:description\" content=\"Qui sommes-nous&nbsp;? L\u2019adresse de notre site est&nbsp;: https:\/\/www.sogif.be. SOGIF s.a. Si\u00e8ge social : Adresse Quartier du Tram ,51 Virginal-Samme (Ittre) Belgique Contact : info@sogif.be BCE : 0453.904.471 Responsable du traitement des donn\u00e9es : Christophe Vanden Berg. Cookies Notre site utilise des cookies dans le seul but d&#8217;analyser son trafic. Dans ce cadre; l&#8217;outil : &#8220;google\" \/>\n<meta property=\"og:url\" content=\"https:\/\/www.sogif.be\/?page_id=7487\" \/>\n<meta property=\"og:site_name\" content=\"SOGIF S.A. - Conseils et gestion\" \/>\n<meta property=\"article:modified_time\" content=\"2022-08-23T12:46:50+00:00\" \/>\n<meta name=\"twitter:card\" content=\"summary_large_image\" \/>\n<meta name=\"twitter:label1\" content=\"Dur\u00e9e de lecture estim\u00e9e\" \/>\n\t<meta name=\"twitter:data1\" content=\"2 minutes\" \/>\n<script type=\"application\/ld+json\" class=\"yoast-schema-graph\">{\"@context\":\"https:\/\/schema.org\",\"@graph\":[{\"@type\":\"WebPage\",\"@id\":\"https:\/\/www.sogif.be\/?page_id=7487\",\"url\":\"https:\/\/www.sogif.be\/?page_id=7487\",\"name\":\"SOGIF S.A. - Conseils et gestion - Politique de confidentialit\u00e9\",\"isPartOf\":{\"@id\":\"https:\/\/www.sogif.be\/#website\"},\"datePublished\":\"2022-08-04T16:21:26+00:00\",\"dateModified\":\"2022-08-23T12:46:50+00:00\",\"breadcrumb\":{\"@id\":\"https:\/\/www.sogif.be\/?page_id=7487#breadcrumb\"},\"inLanguage\":\"fr-FR\",\"potentialAction\":[{\"@type\":\"ReadAction\",\"target\":[\"https:\/\/www.sogif.be\/?page_id=7487\"]}]},{\"@type\":\"BreadcrumbList\",\"@id\":\"https:\/\/www.sogif.be\/?page_id=7487#breadcrumb\",\"itemListElement\":[{\"@type\":\"ListItem\",\"position\":1,\"name\":\"Accueil\",\"item\":\"https:\/\/www.sogif.be\/\"},{\"@type\":\"ListItem\",\"position\":2,\"name\":\"Politique de confidentialit\u00e9\"}]},{\"@type\":\"WebSite\",\"@id\":\"https:\/\/www.sogif.be\/#website\",\"url\":\"https:\/\/www.sogif.be\/\",\"name\":\"SOGIF S.A. - Conseils et gestion\",\"description\":\"\",\"publisher\":{\"@id\":\"https:\/\/www.sogif.be\/#organization\"},\"potentialAction\":[{\"@type\":\"SearchAction\",\"target\":{\"@type\":\"EntryPoint\",\"urlTemplate\":\"https:\/\/www.sogif.be\/?s={search_term_string}\"},\"query-input\":{\"@type\":\"PropertyValueSpecification\",\"valueRequired\":true,\"valueName\":\"search_term_string\"}}],\"inLanguage\":\"fr-FR\"},{\"@type\":\"Organization\",\"@id\":\"https:\/\/www.sogif.be\/#organization\",\"name\":\"SOGIF S.A. - Conseils et gestion\",\"url\":\"https:\/\/www.sogif.be\/\",\"logo\":{\"@type\":\"ImageObject\",\"inLanguage\":\"fr-FR\",\"@id\":\"https:\/\/www.sogif.be\/#\/schema\/logo\/image\/\",\"url\":\"https:\/\/www.sogif.be\/wp-content\/uploads\/2021\/11\/Sogif_Logo_HD.png\",\"contentUrl\":\"https:\/\/www.sogif.be\/wp-content\/uploads\/2021\/11\/Sogif_Logo_HD.png\",\"width\":1256,\"height\":640,\"caption\":\"SOGIF S.A. - Conseils et gestion\"},\"image\":{\"@id\":\"https:\/\/www.sogif.be\/#\/schema\/logo\/image\/\"}}]}<\/script>\n<!-- \/ Yoast SEO plugin. -->","yoast_head_json":{"title":"SOGIF S.A. - Conseils et gestion - Politique de confidentialit\u00e9","robots":{"index":"noindex","follow":"nofollow"},"og_locale":"fr_FR","og_type":"article","og_title":"SOGIF S.A. - Conseils et gestion - Politique de confidentialit\u00e9","og_description":"Qui sommes-nous&nbsp;? L\u2019adresse de notre site est&nbsp;: https:\/\/www.sogif.be. SOGIF s.a. Si\u00e8ge social : Adresse Quartier du Tram ,51 Virginal-Samme (Ittre) Belgique Contact : info@sogif.be BCE : 0453.904.471 Responsable du traitement des donn\u00e9es : Christophe Vanden Berg. Cookies Notre site utilise des cookies dans le seul but d&#8217;analyser son trafic. Dans ce cadre; l&#8217;outil : &#8220;google","og_url":"https:\/\/www.sogif.be\/?page_id=7487","og_site_name":"SOGIF S.A. - Conseils et gestion","article_modified_time":"2022-08-23T12:46:50+00:00","twitter_card":"summary_large_image","twitter_misc":{"Dur\u00e9e de lecture estim\u00e9e":"2 minutes"},"schema":{"@context":"https:\/\/schema.org","@graph":[{"@type":"WebPage","@id":"https:\/\/www.sogif.be\/?page_id=7487","url":"https:\/\/www.sogif.be\/?page_id=7487","name":"SOGIF S.A. - Conseils et gestion - Politique de confidentialit\u00e9","isPartOf":{"@id":"https:\/\/www.sogif.be\/#website"},"datePublished":"2022-08-04T16:21:26+00:00","dateModified":"2022-08-23T12:46:50+00:00","breadcrumb":{"@id":"https:\/\/www.sogif.be\/?page_id=7487#breadcrumb"},"inLanguage":"fr-FR","potentialAction":[{"@type":"ReadAction","target":["https:\/\/www.sogif.be\/?page_id=7487"]}]},{"@type":"BreadcrumbList","@id":"https:\/\/www.sogif.be\/?page_id=7487#breadcrumb","itemListElement":[{"@type":"ListItem","position":1,"name":"Accueil","item":"https:\/\/www.sogif.be\/"},{"@type":"ListItem","position":2,"name":"Politique de confidentialit\u00e9"}]},{"@type":"WebSite","@id":"https:\/\/www.sogif.be\/#website","url":"https:\/\/www.sogif.be\/","name":"SOGIF S.A. - Conseils et gestion","description":"","publisher":{"@id":"https:\/\/www.sogif.be\/#organization"},"potentialAction":[{"@type":"SearchAction","target":{"@type":"EntryPoint","urlTemplate":"https:\/\/www.sogif.be\/?s={search_term_string}"},"query-input":{"@type":"PropertyValueSpecification","valueRequired":true,"valueName":"search_term_string"}}],"inLanguage":"fr-FR"},{"@type":"Organization","@id":"https:\/\/www.sogif.be\/#organization","name":"SOGIF S.A. - Conseils et gestion","url":"https:\/\/www.sogif.be\/","logo":{"@type":"ImageObject","inLanguage":"fr-FR","@id":"https:\/\/www.sogif.be\/#\/schema\/logo\/image\/","url":"https:\/\/www.sogif.be\/wp-content\/uploads\/2021\/11\/Sogif_Logo_HD.png","contentUrl":"https:\/\/www.sogif.be\/wp-content\/uploads\/2021\/11\/Sogif_Logo_HD.png","width":1256,"height":640,"caption":"SOGIF S.A. - Conseils et gestion"},"image":{"@id":"https:\/\/www.sogif.be\/#\/schema\/logo\/image\/"}}]}},"_links":{"self":[{"href":"https:\/\/www.sogif.be\/index.php?rest_route=\/wp\/v2\/pages\/7487","targetHints":{"allow":["GET"]}}],"collection":[{"href":"https:\/\/www.sogif.be\/index.php?rest_route=\/wp\/v2\/pages"}],"about":[{"href":"https:\/\/www.sogif.be\/index.php?rest_route=\/wp\/v2\/types\/page"}],"author":[{"embeddable":true,"href":"https:\/\/www.sogif.be\/index.php?rest_route=\/wp\/v2\/users\/1"}],"replies":[{"embeddable":true,"href":"https:\/\/www.sogif.be\/index.php?rest_route=%2Fwp%2Fv2%2Fcomments&post=7487"}],"version-history":[{"count":8,"href":"https:\/\/www.sogif.be\/index.php?rest_route=\/wp\/v2\/pages\/7487\/revisions"}],"predecessor-version":[{"id":7805,"href":"https:\/\/www.sogif.be\/index.php?rest_route=\/wp\/v2\/pages\/7487\/revisions\/7805"}],"wp:attachment":[{"href":"https:\/\/www.sogif.be\/index.php?rest_route=%2Fwp%2Fv2%2Fmedia&parent=7487"}],"curies":[{"name":"wp","href":"https:\/\/api.w.org\/{rel}","templated":true}]}}